tor of 2626823?
True
Is 465976 a multiple of 8?
True
Is 14 a factor of 840728?
True
Is 79 a factor of 21251?
True
Does 164 divide 197627?
False
Is 93 a factor of 3647094?
False
Is 7 a factor of 1435421?
False
Does 2 divide 1857063?
False
Is 20144670 a multiple of 273?
True
Is 2 a factor of 28641?
False
Is 509406 a multiple of 59?
True
Is 86744 a multiple of 56?
True
Does 62 divide 4479?
False
Is 243 a factor of 4787586?
True
Is 575440 a multiple of 34?
False
Does 156 divide 217026?
False
Is 8781458 a multiple of 19?
True
Is 716 a factor of 942255?
False
Is 94 a factor of 90052?
True
Does 642 divide 96300?
True
Does 26 divide 571602?
False
Does 16 divide 458080?
True
Is 25385056 a multiple of 568?
True
Is 870384 a multiple of 12?
True
Is 47736 a multiple of 442?
True
Does 421 divide 413422?
True
Is 5675435 a multiple of 5?
True
Is 3269471 a multiple of 101?
True
Does 7 divide 197659?
True
Does 144 divide 632592?
True
Is 77 a factor of 1348784?
False
Is 1077418 a multiple of 197?
False
Is 4073021 a multiple of 67?
False
Is 146112 a multiple of 192?
True
Is 5578340 a multiple of 10?
True
Does 109 divide 11117?
False
Does 67 divide 20147?
False
Is 56422 a multiple of 452?
False
Is 10020 a multiple of 12?
True
Is 88 a factor of 8448?
True
Is 110 a factor of 113457?
False
Is 795 a factor of 6432427?
False
Is 21 a factor of 177095?
False
Is 57 a factor of 400917?
False
Is 310 a factor of 4233670?
True
Is 5488670 a multiple of 10?
True
Is 61 a factor of 11122054?
False
Is 186 a factor of 459420?
True
Is 7009453 a multiple of 512?
False
Does 164 divide 106765?
False
Does 19 divide 9691273?
True
Is 648600 a multiple of 200?
True
Does 40 divide 2769255?
False
Is 19494572 a multiple of 14?
False
Does 6 divide 2301251?
False
Does 51 divide 794529?
True
Does 7 divide 3381654?
False
Is 433 a factor of 15274508?
True
Does 22 divide 334620?
True
Does 20 divide 25400?
True
Does 30 divide 1317420?
True
Is 276356 a multiple of 236?
True
Is 13569940 a multiple of 31?
True
Is 2133456 a multiple of 312?
True
Does 1033 divide 2615895?
False
Is 542268 a multiple of 16?
False
Is 391401 a multiple of 7?
False
Is 2651312 a multiple of 128?
False
Does 210 divide 1858710?
True
Is 1570664 a multiple of 68?
True
Does 224 divide 114127?
False
Does 8 divide 2643320?
True
Does 112 divide 1090513?
False
Is 129 a factor of 1304190?
True
Is 1744292 a multiple of 71?
False
Is 15919231 a multiple of 61?
True
Does 33 divide 80394?
False
Does 605 divide 1465310?
True
Does 52 divide 64428?
True
Is 18809064 a multiple of 2232?
True
Is 20 a factor of 1519300?
True
Does 56 divide 645568?
True
Does 251 divide 4093559?
True
Is 1313771 a multiple of 21?
False
Is 77760 a multiple of 48?
True
Does 100 divide 338200?
True
Is 135829 a multiple of 15?
False
Is 1701954 a multiple of 138?
True
Does 186 divide 759149?
False
Does 35 divide 143395?
True
Is 149267 a multiple of 9?
False
Is 7164 a multiple of 6?
True
Is 21 a factor of 13138524?
True
Is 22 a factor of 775874?
True
Is 9 a factor of 40257?
True
Is 1944 a factor of 24307187?
False
Is 224 a factor of 7302624?
True
Is 3 a factor of 9132?
True
Does 885 divide 178948?
False
Is 112 a factor of 90995?
False
Is 453 a factor of 875431?
False
Is 17 a factor of 1414740?
True
Does 16 divide 107734?
False
Does 172 divide 144308?
True
Is 238 a factor of 197064?
True
Does 116 divide 293238?
False
Does 20 divide 8268720?
True
Is 282635 a multiple of 24?
False
Does 661 divide 1759478?
False
Is 3107265 a multiple of 35?
True
Does 57 divide 666947?
False
Is 5669001 a multiple of 31?
True
Does 75 divide 160200?
True
Is 17 a factor of 421039?
True
Is 7867 a multiple of 3?
False
Is 17 a factor of 1226839?
True
Is 389 a factor of 55877?
False
Is 103 a factor of 2418852?
True
Is 37 a factor of 24561?
False
Is 2914430 a multiple of 44?
False
Does 15 divide 3803927?
False
Does 16 divide 107378?
False
Is 71 a factor of 6298196?
False
Is 17934 a multiple of 427?
True
Does 7 divide 435800?
False
Is 849 a factor of 1370812?
False
Does 978 divide 212191?
False
Is 42 a factor of 17194?
False
Is 345 a factor of 166290?
True
Is 32 a factor of 18771520?
True
Is 5 a factor of 464905?
True
Is 817837 a multiple of 1016?
False
Does 158 divide 468848?
False
Is 79615 a multiple of 33?
False
Is 1303783 a multiple of 13?
True
Does 5 divide 39280?
True
Is 976850 a multiple of 9?
False
Does 97 divide 180995?
False
Does 207 divide 1410012?
False
Does 73 divide 1916250?
True
Is 12505020 a multiple of 33?
True
Is 3704590 a multiple of 1038?
False
Is 7791330 a multiple of 570?
True
Is 11 a factor of 5049?
True
Does 5 divide 344568?
False
Does 84 divide 229352?
False
Does 42 divide 1094083?
False
Is 741 a factor of 16345080?
False
Is 54 a factor of 4897675?
False
Is 3985569 a multiple of 9?
True
Is 40 a factor of 59960?
True
Does 54 divide 159874?
False
Does 87 divide 5066561?
False
Is 660057 a multiple of 70?
False
Does 45 divide 1835865?
True
Is 141792 a multiple of 168?
True
Is 335832 a multiple of 28?
True
Is 35 a factor of 31535002?
False
Does 237 divide 375760?
False
Is 1513344 a multiple of 56?
True
Is 283712 a multiple of 32?
True
Is 893584 a multiple of 8?
True
Does 10 divide 555200?
True
Is 7 a factor of 46225?
False
Is 10594367 a multiple of 1815?
False
Is 4 a factor of 2286181?
False
Is 6 a factor of 585746?
False
Is 43 a factor of 15569123?
False
Is 139 a factor of 6936046?
False
Is 232 a factor of 129456?
True
Is 747 a factor of 1645641?
True
Is 96 a factor of 271766?
False
Does 12 divide 10277556?
True
Does 89 divide 51798?
True
Is 2360208 a multiple of 24?
True
Is 286 a factor of 217646?
True
Does 12 divide 5274545?
False
Is 712 a factor of 6776104?
True
Does 406 divide 1725906?
True
Is 230076 a multiple of 4?
True
Is 84 a factor of 1892604?
True
Is 302863 a multiple of 163?
False
Does 109 divide 153690?
True
Does 242 divide 9411138?
True
Is 96576 a multiple of 192?
True
Is 22 a factor of 13188494?
True
Is 9 a factor of 20925?
True
Does 94 divide 3978456?
True
Is 646330 a multiple of 810?
False
Is 231 a factor of 4200273?
True
Is 87173 a multiple of 12?
False
Does 62 divide 1689252?
True
Does 61 divide 281637?
True
Is 27 a factor of 1139427?
True
Is 479 a factor of 3792515?
False
Does 8 divide 1212995?
False
Is 6118770 a multiple of 35?
True
Is 72 a factor of 1483560?
True
Is 54691 a multiple of 1199?
False
Is 714510 a multiple of 153?
True
Is 109 a factor of 923339?
True
Does 7 divide 227837?
False
Does 3 divide 1505703?
True
Is 186 a factor of 512988?
True
Does 364 divide 379422?
False
Is 3556140 a multiple of 105?
True
Is 363 a factor of 3426720?
True
Is 10 a factor of 1475366?
False
Is 22 a factor of 203695?
False
Is 52 a factor of 3104764?
True
Is 44 a factor of 261130?
False
Does 16 divide 1083457?
False
Is 10134140 a multiple of 8?
False
Is 558 a factor of 241056?
True
Is 851 a factor of 1203526?
False
Does 58 divide 48018?
False
Is 950919 a multiple of 36?
False
Does 68 divide 3424931?
False
Does 8 divide 20881?
False
Is 3 a factor of 52434?
True
Is 15711570 a multiple of 405?
True
Is 16 a factor of 85915?
False
Is 6574892 a multiple of 103?
False
Does 162 divide 4661684?
False
Is 298263 a multiple of 147?
True
Is 74035 a multiple of 17?
True
Is 83 a factor of 742020?
True
Does 90 divide 75132?
False
Is 236272 a multiple of 16?
True
Does 14 divide 248962?
True
Does 367 divide 410306?
True
Is 299766 a multiple of 15?
False
Is 16 a factor of 287248?
True
Does 603 divide 5118264?
True
Is 147 a factor of 208756?
False
Is 5989704 a multiple of 353?
True
Is 538 a factor of 2776242?
False
Is 22 a factor of 9545448?
True
Is 17688 a multiple of 23?
False
Is 12 a factor of 46068?
True
Is 33 a factor of 135960?
True
Is 6 a factor of 1305429?
False
Is 6605477 a multiple of 14?
False
Does 18 divide 124886?
False
Does 41 divide 536157?
True
Does 4 divide 104094?
False
Is 2049396 a multiple of 67?
True
Is 7 a factor of 90?
False
Is 404 a factor of 662926?
False
Does 126 divide 2449440?
True
Is 6094432 a multiple of 21?
False
Does 14 divide 232582?
True
Does 120 divide 820501?
False
Is 24 a factor of 371112?
True
Does 120 divide 168360?
True
Is 493 a factor of 1815719?
True
Is 521458 a multiple of 319?
False
Is 55319 a multiple of 65?
False
Is 1135 a factor of 4584341?
False
